 = o, f - 3 = -p - 0. List the prime factors of f.
5
Let x = 17 + -12. Suppose -5*n - 24 = -4*u, x*u - 18 = 2*u + 4*n. What are the prime factors of u?
2, 3
Let n be (3 - 4) + (2 - 3). Let y = n - -13. List the prime factors of y.
11
Let x = 6 - 6. Suppose -g = f - 5*f - 15, g + f = x. Suppose -g*l = -7 - 14. List the prime factors of l.
7
What are the prime factors of 12/(-36)*(1 + -34)?
11
Let l(r) = r - 2. Let q be l(10). Suppose w = 2*w - q. Suppose -w = 2*u, -5*u - 18 = -i + 7. What are the prime factors of i?
5
Let j(v) = -v**3 - 6*v**2 - v + 2. Let d be j(-6). Let o = d + 3. List the prime factors of o.
11
Suppose -69 = -4*s - 13. What are the prime factors of s?
2, 7
Let j be 2/3*27/6. Suppose 5*d = 2*x - 33, 0 = -4*x - 0*x + j*d + 59. Suppose 0 = 2*f - x + 4. What are the prime factors of f?
5
Let m(l) = -l + 8. Let i be m(6). Suppose 3*h - 6 = i*p, -5*h + 21 = -5*p + 6. List the prime factors of 3 - h - (-4 + 3).
2
Let f(a) = -a**2 - 7*a. Let c = 16 + -9. Suppose 0 = -5*d - c - 8. List the prime factors of f(d).
2, 3
Suppose 0 = 4*a - 84. What are the prime factors of a?
3, 7
Suppose -f + 234 - 74 = 2*r, 12 = -3*r. Let z = 32 + -30. What are the prime factors of (z/4)/(4/f)?
3, 7
Let i(v) = -v**2 - 5*v + 6. Let g be i(-6). Suppose 5*w + 4*s = 56 + 189, g = 5*s - 25. Suppose 5*m = 2*r + w, m - 12 = -0*m + r. List the prime factors of m.
7
List the prime factors of 4 + ((-195)/(-3) - 1).
2, 17
Let c(f) = 3*f**3 - f. Let m be c(1). Suppose 3*u - 10 = -4*i, -u + m = -0*u. List the prime factors of (1 + 1)/i - -1.
3
Suppose 2*f - 3 = 5. Suppose 10 = f*h + 2. List the prime factors of (-18)/(h/(-2) + -1).
3
Let c(u) = 2*u**2 - 15*u + 19. List the prime factors of c(9).
2, 23
Let g be ((-2)/3)/((-1)/3). List the prime factors of 17 - (6 - g - 1).
2, 7
Let m = -16 - -11. Let r(s) = s**3 + 7*s**2 + 3*s + 2. List the prime factors of r(m).
37
Let f = -48 - -142. What are the prime factors of f?
2, 47
Let h(i) = i + 11. Let f be h(-8). Suppose -f*w + 4*p = 22, 0*w - 2*w - 2*p + 4 = 0. List the prime factors of (-3 + 4)*w*-3.
2, 3
Suppose 0 = -s + 2*s + 6. What are the prime factors of ((-2)/3)/(s/117)?
13
Suppose 4*l - 2*o - 180 = 0, l - 2*o - 27 = 3*o. List the prime factors of l.
47
Suppose -4*b - n = n, 0 = b + 2*n. Suppose b*r = 3*r. Suppose -11 = -o - r. List the prime factors of o.
11
Let n be (-15)/(-25) + 27/5. Suppose 5*w + 2*s + 4 = 0, -s = 2*w + 2*s + n. Suppose -5*r + 25 = -2*j, -3*r - 4*j = -w*r - 41. List the prime factors of r.
7
Suppose 0 = 3*c - 4*f - 724, 4*f + 1128 = 5*c - 92. What are the prime factors of c?
2, 31
Suppose -3*v + 2*z = 2*v - 453, -2*v - 2*z + 170 = 0. What are the prime factors of v?
89
Let r = 3 + 6. What are the prime factors of r?
3
List the prime factors of (-13)/(-3) - 2/(-3).
5
Suppose 1 - 8 = -c. Suppose -5*m + c*m = 20. List the prime factors of m.
2, 5
List the prime factors of -16 + 16 - -1*7.
7
Let k(w) = -3*w. Let z be k(-10). List the prime factors of (z/25)/(9/30).
2
What are the prime factors of 52/1 + -9 + 6?
7
Let s = 3 + 0. Let y(c) = 9*c - 1 + c**2 + c**2 - s*c**2 - 3. List the prime factors of y(6).
2, 7
Let d(y) = -4*y + 0*y - 6 + 2*y - 3*y + 2*y**2. What are the prime factors of d(5)?
19
Let h(u) = -u**3 + 7*u**2 + 3*u + 7. Let y be h(7). Suppose -61 = -5*n - 2*o + 127, -2*o = -n + y. What are the prime factors of n?
2, 3
Let p be ((-2)/8)/((-3)/12). Let w be -1 + p - (-1 - -3). What are the prime factors of 42/(-9)*3/w?
7
Let b(d) = -d**3 - 5*d**2 + 7*d + 5. Let x be b(-6). Let u = 0 - x. Let v = 3 + u. What are the prime factors of v?
2
Suppose 2*z - 48 + 42 = 0. What are the prime factors of z?
3
Suppose 5*j + 20 = -0*j. Let g = j - -10. What are the prime factors of g?
2, 3
Suppose 3*t + 8 = 29. Suppose -4*q = -t*q + 36. What are the prime factors of q?
2, 3
Let h(t) = -37*t + 1. Let j be h(-1). Let g = -24 + j. What are the prime factors of g?
2, 7
Suppose 4*j + j - 10 = 0. Let t(x) = 4*x**2 - x - 2. Let b be t(-1). Let w = b + j. What are the prime factors of w?
5
Suppose p + 101 = 3*m + 344, 2*m + 1189 = 5*p. What are the prime factors of p?
3, 79
Let f(c) = 22*c**2. Let n be f(1). Suppose v - u - 8 = 0, 5*v - 36 = -4*u + n. What are the prime factors of v?
2, 5
Let x = 51 - 30. What are the prime factors of x?
3, 7
Let p = 267 + -83. List the prime factors of p.
2, 23
Suppose l - 7 = -5*x, -2*l - 2*x = 2*l + 8. Let j be 12/(-2) - l - -7. Suppose -j*f + q + 9 = 0, -2*f + 4*q + 10 = f. List the prime factors of f.
2
Let b(h) = 12*h - 1. Let s be (1 + 1)*(-4)/(-8). List the prime factors of b(s).
11
Suppose -49 - 11 = -3*k. List the prime factors of k.
2, 5
Let n = -32 + 45. Let i = 26 - n. Let t = 24 - i. List the prime factors of t.
11
Suppose -r - r = -5*u - 26, u - 11 = -5*r. What are the prime factors of r?
3
Let o(s) = -s**3 - s - 1. Let h(r) = -r**2 - 4*r - 5. Let u(j) = h(j) - o(j). Let q be u(3). Suppose -q*l + 12 = -8. What are the prime factors of l?
2
Let h = -29 - -64. What are the prime factors of h?
5, 7
List the prime factors of ((-14)/(-6)*3)/1.
7
Suppose -5*s + 3 = -7. Suppose s*w + 4*j - 32 = 0, 3*w - 9 = -2*j + 31. List the prime factors of w.
2, 3
Suppose i = 5*i - 88. List the prime factors of i.
2, 11
Let x = -23 + 87. Suppose k = 5*k - x. List the prime factors of k.
2
Suppose -5*n + 2*s + 17 = -0*n, 0 = -5*s - 5. Suppose 0 = -n*v + l + 3*l + 87, 4*l - 29 = -v. List the prime factors of v.
29
Suppose -g - 188 = -3*g. What are the prime factors of g?
2, 47
Let b(g) = -g**2 + 5*g + 2. Suppose t = x - 9, -3*x + 6*t - 5*t + 17 = 0. Let o be b(x). Suppose 0 = 7*h - o*h - 5. What are the prime factors of h?
5
List the prime factors of 333/27*(0 + 25 + -1).
2, 37
Suppose -3*m + 16 = -7*m. Let i(w) = w**3 + 2*w**2 - 6. Let j(q) = q. Let k(g) = -i(g) + 5*j(g). List the prime factors of k(m).
2, 3
Suppose 34 = l + 2. What are the prime factors of l?
2
Let z = 71 + -48. List the prime factors of z.
23
Let p(z) = -z**2 + 10*z + 1. List the prime factors of p(9).
2, 5
Suppose -95 = 2*k + 107. Let i = k + 144. List the prime factors of i.
43
Suppose 5*y - 14 - 36 = 0. What are the prime factors of (y - 0)*(-1)/(-2)?
5
Let r(m) = m**2 + 32. What are the prime factors of r(0)?
2
Suppose -2*a = -6*a. Suppose a*x - 3*x + 27 = 0. What are the prime factors of x?
3
Let c = 7 + -5. Suppose c*l - 1 = 5. List the prime factors of l.
3
Let g = -4 + 7. Suppose 3*y = 5*x + 15, x + g = -2*y + y. Suppose 4*a - 34 = -y*p - p, -3*a + 25 = p. List the prime factors of a.
3
Let p(a) = -a**3 - a**2 + a + 16. Let h be p(0). Let z = 4 - h. Let n = z + 22. What are the prime factors of n?
2, 5
Let x = -7 + 1. Let l(c) = c**3 + 5*c**2 - 6*c + 4. Let q be l(x). Suppose 3*i + y - 4 = 0, q*i + 3*y = i. What are the prime factors of i?
2
Let l(g) = -g**3 - 7*g**2 - 4*g + 7. Suppose -15 = 5*t + 20. What are the prime factors of l(t)?
5, 7
Let b be 8/3 - 6/(-18). Suppose 6 = b*n - n. Let m = 9 - n. What are the prime factors of m?
2, 3
Suppose -1 - 5 = j. Let f = j + 11. What are the prime factors of f?
5
Suppose 543 + 193 = 8*c. List the prime factors of c.
2, 23
Let m be (2/4)/(1/(-16)). Suppose 5*x + 27 = -2*n, 0 = -3*x - x - 4. Let v = m - n. List the prime factors of v.
3
Let k(w) = -w + 3. List the prime factors of k(-14).
17
Let t = -25 + 48. What are the prime factors of t?
23
Let w be 2/6 - (-86)/3. Suppose 23 = 4*g - w. What are the prime factors of g?
13
Let x be 2*(-3 - 36/(-8)). Suppose x*h - h - 34 = 0. List the prime factors of h.
17
Suppose -2*a + 0*a + 60 = 0. Let i(f) = -21*f**2 + f + 1. Let q be i(-1). Let j = q + a. List the prime factors of j.
3
Suppose 0*f - 3*f + 15 = -3*n, -8 = -f + 4*n. Suppose 0 = -f*b - 16, o + 3*b + 76 = 5*o. What are the prime factors of o?
2
Suppose -a - 208 = -5*a - 4*s, 5*a = s + 290. Let c(w) = w**2 + w - 1. Let k be c(2). Suppose -15 = -h - f, k*h - a = f - 0*f. What are the prime factors of h?
2, 3
Let q(g) = -5*g - 10. Let w be q(-8). Suppose 3*l - 7*l - r + 140 = 0, l - r = w. Let x = l + -23. What are the prime factors of x?
11
Let s = 7 + -2. Suppose 30 = -2*b + s*b. What are the prime factors of b?
2, 5
Let y = 23 - 8. What are the prime factors of y?
3, 5
Suppose -74 = -2*h - 3*r, 3*h - 46 = 4*r + 31. What are the prime factors of h?
31
Le